{"id":1637,"date":"2023-09-18T12:36:21","date_gmt":"2023-09-18T15:36:21","guid":{"rendered":"https:\/\/www.nomadesurconsultores.cl\/?post_type=dt_portfolio&#038;p=1637"},"modified":"2023-09-18T13:45:48","modified_gmt":"2023-09-18T16:45:48","slug":"caracterizacion-construccion-avda-alto-costanera","status":"publish","type":"dt_portfolio","link":"https:\/\/www.nomadesurconsultores.cl\/es\/project\/caracterizacion-construccion-avda-alto-costanera\/","title":{"rendered":"CARACTERIZACI\u00d3N CONSTRUCCI\u00d3N AVDA.  ALTO COSTANERA"},"content":{"rendered":"<section class=\"wpb-content-wrapper\"><div class=\"vc_row wpb_row vc_row-fluid\"><div class=\"wpb_column vc_column_container vc_col-sm-6 vc_col-xs-12\"><div class=\"vc_column-inner\"><div class=\"wpb_wrapper\">\n\t<div class=\"wpb_text_column wpb_content_element  txt-projecto\" >\n\t\t<div class=\"wpb_wrapper\">\n\t\t\t<ul>\n<li><strong>Proyecto: <\/strong>Construcci\u00f3n Avda. Alto Costanera<\/li>\n<li><strong>Mandante:\u00a0<\/strong>Empresas Martabid<\/li>\n<li><strong>Ubicaci\u00f3n: <\/strong>Villarrica, Regi\u00f3n de La Araucan\u00eda<\/li>\n<li><strong>A\u00f1o: <\/strong>2023<\/li>\n<\/ul>\n\n\t\t<\/div>\n\t<\/div>\n<\/div><\/div><\/div><div class=\"wpb_column vc_column_container vc_col-sm-6 vc_col-xs-12\"><div class=\"vc_column-inner\"><div class=\"wpb_wrapper\">\n\t<div  class=\"wpb_single_image wpb_content_element vc_align_center  wpb_animate_when_almost_visible wpb_pulse pulse\">\n\t\t\n\t\t<figure class=\"wpb_wrapper vc_figure\">\n\t\t\t<div class=\"vc_single_image-wrapper vc_box_border  vc_box_border_grey\"><img loading=\"lazy\" decoding=\"async\" width=\"2560\" height=\"1440\" src=\"https:\/\/www.nomadesurconsultores.cl\/wp-content\/uploads\/2023\/09\/30-scaled.jpg\" class=\"vc_single_image-img attachment-full\" alt=\"\" title=\"30\" srcset=\"https:\/\/www.nomadesurconsultores.cl\/wp-content\/uploads\/2023\/09\/30-scaled.jpg 2560w, https:\/\/www.nomadesurconsultores.cl\/wp-content\/uploads\/2023\/09\/30-300x169.jpg 300w, https:\/\/www.nomadesurconsultores.cl\/wp-content\/uploads\/2023\/09\/30-1024x576.jpg 1024w, https:\/\/www.nomadesurconsultores.cl\/wp-content\/uploads\/2023\/09\/30-768x432.jpg 768w, https:\/\/www.nomadesurconsultores.cl\/wp-content\/uploads\/2023\/09\/30-1536x864.jpg 1536w, https:\/\/www.nomadesurconsultores.cl\/wp-content\/uploads\/2023\/09\/30-2048x1152.jpg 2048w\" sizes=\"auto, (max-width: 2560px) 100vw, 2560px\"  data-dt-location=\"https:\/\/www.nomadesurconsultores.cl\/es\/project\/caracterizacion-construccion-avda-alto-costanera\/attachment\/30\/\" \/><\/div>\n\t\t<\/figure>\n\t<\/div>\n\n\t<div  class=\"wpb_single_image wpb_content_element vc_align_center  wpb_animate_when_almost_visible wpb_pulse pulse\">\n\t\t\n\t\t<figure class=\"wpb_wrapper vc_figure\">\n\t\t\t<div class=\"vc_single_image-wrapper vc_box_border  vc_box_border_grey\"><img loading=\"lazy\" decoding=\"async\" width=\"2560\" height=\"1709\" src=\"https:\/\/www.nomadesurconsultores.cl\/wp-content\/uploads\/2023\/09\/04-scaled.jpg\" class=\"vc_single_image-img attachment-full\" alt=\"\" title=\"04\" srcset=\"https:\/\/www.nomadesurconsultores.cl\/wp-content\/uploads\/2023\/09\/04-scaled.jpg 2560w, https:\/\/www.nomadesurconsultores.cl\/wp-content\/uploads\/2023\/09\/04-300x200.jpg 300w, https:\/\/www.nomadesurconsultores.cl\/wp-content\/uploads\/2023\/09\/04-1024x684.jpg 1024w, https:\/\/www.nomadesurconsultores.cl\/wp-content\/uploads\/2023\/09\/04-768x513.jpg 768w, https:\/\/www.nomadesurconsultores.cl\/wp-content\/uploads\/2023\/09\/04-1536x1025.jpg 1536w, https:\/\/www.nomadesurconsultores.cl\/wp-content\/uploads\/2023\/09\/04-2048x1367.jpg 2048w\" sizes=\"auto, (max-width: 2560px) 100vw, 2560px\"  data-dt-location=\"https:\/\/www.nomadesurconsultores.cl\/es\/project\/caracterizacion-construccion-avda-alto-costanera\/attachment\/04\/\" \/><\/div>\n\t\t<\/figure>\n\t<\/div>\n\n\t<div  class=\"wpb_single_image wpb_content_element vc_align_center  wpb_animate_when_almost_visible wpb_pulse pulse\">\n\t\t\n\t\t<figure class=\"wpb_wrapper vc_figure\">\n\t\t\t<div class=\"vc_single_image-wrapper vc_box_border  vc_box_border_grey\"><img loading=\"lazy\" decoding=\"async\" width=\"2560\" height=\"1709\" src=\"https:\/\/www.nomadesurconsultores.cl\/wp-content\/uploads\/2023\/09\/57-scaled.jpg\" class=\"vc_single_image-img attachment-full\" alt=\"\" title=\"57\" srcset=\"https:\/\/www.nomadesurconsultores.cl\/wp-content\/uploads\/2023\/09\/57-scaled.jpg 2560w, https:\/\/www.nomadesurconsultores.cl\/wp-content\/uploads\/2023\/09\/57-300x200.jpg 300w, https:\/\/www.nomadesurconsultores.cl\/wp-content\/uploads\/2023\/09\/57-1024x684.jpg 1024w, https:\/\/www.nomadesurconsultores.cl\/wp-content\/uploads\/2023\/09\/57-768x513.jpg 768w, https:\/\/www.nomadesurconsultores.cl\/wp-content\/uploads\/2023\/09\/57-1536x1025.jpg 1536w, https:\/\/www.nomadesurconsultores.cl\/wp-content\/uploads\/2023\/09\/57-2048x1367.jpg 2048w\" sizes=\"auto, (max-width: 2560px) 100vw, 2560px\"  data-dt-location=\"https:\/\/www.nomadesurconsultores.cl\/es\/project\/caracterizacion-construccion-avda-alto-costanera\/attachment\/57\/\" \/><\/div>\n\t\t<\/figure>\n\t<\/div>\n\n\t<div  class=\"wpb_single_image wpb_content_element vc_align_center  wpb_animate_when_almost_visible wpb_pulse pulse\">\n\t\t\n\t\t<figure class=\"wpb_wrapper vc_figure\">\n\t\t\t<div class=\"vc_single_image-wrapper vc_box_border  vc_box_border_grey\"><img loading=\"lazy\" decoding=\"async\" width=\"2560\" height=\"1709\" src=\"https:\/\/www.nomadesurconsultores.cl\/wp-content\/uploads\/2023\/09\/20-scaled.jpg\" class=\"vc_single_image-img attachment-full\" alt=\"\" title=\"20\" srcset=\"https:\/\/www.nomadesurconsultores.cl\/wp-content\/uploads\/2023\/09\/20-scaled.jpg 2560w, https:\/\/www.nomadesurconsultores.cl\/wp-content\/uploads\/2023\/09\/20-300x200.jpg 300w, https:\/\/www.nomadesurconsultores.cl\/wp-content\/uploads\/2023\/09\/20-1024x684.jpg 1024w, https:\/\/www.nomadesurconsultores.cl\/wp-content\/uploads\/2023\/09\/20-768x513.jpg 768w, https:\/\/www.nomadesurconsultores.cl\/wp-content\/uploads\/2023\/09\/20-1536x1025.jpg 1536w, https:\/\/www.nomadesurconsultores.cl\/wp-content\/uploads\/2023\/09\/20-2048x1367.jpg 2048w\" sizes=\"auto, (max-width: 2560px) 100vw, 2560px\"  data-dt-location=\"https:\/\/www.nomadesurconsultores.cl\/es\/project\/caracterizacion-construccion-avda-alto-costanera\/attachment\/20\/\" \/><\/div>\n\t\t<\/figure>\n\t<\/div>\n<\/div><\/div><\/div><\/div>\n<\/section>","protected":false},"excerpt":{"rendered":"<p>Proyecto: Construcci\u00f3n Avda. Alto Costanera Mandante:\u00a0Empresas Martabid Ubicaci\u00f3n: Villarrica, Regi\u00f3n de La Araucan\u00eda A\u00f1o: 2023<\/p>","protected":false},"author":2,"featured_media":1641,"comment_status":"closed","ping_status":"closed","template":"","dt_portfolio_category":[],"dt_portfolio_tags":[],"class_list":["post-1637","dt_portfolio","type-dt_portfolio","status-publish","has-post-thumbnail","hentry","description-off"],"_links":{"self":[{"href":"https:\/\/www.nomadesurconsultores.cl\/es\/wp-json\/wp\/v2\/dt_portfolio\/1637","targetHints":{"allow":["GET"]}}],"collection":[{"href":"https:\/\/www.nomadesurconsultores.cl\/es\/wp-json\/wp\/v2\/dt_portfolio"}],"about":[{"href":"https:\/\/www.nomadesurconsultores.cl\/es\/wp-json\/wp\/v2\/types\/dt_portfolio"}],"author":[{"embeddable":true,"href":"https:\/\/www.nomadesurconsultores.cl\/es\/wp-json\/wp\/v2\/users\/2"}],"replies":[{"embeddable":true,"href":"https:\/\/www.nomadesurconsultores.cl\/es\/wp-json\/wp\/v2\/comments?post=1637"}],"version-history":[{"count":1,"href":"https:\/\/www.nomadesurconsultores.cl\/es\/wp-json\/wp\/v2\/dt_portfolio\/1637\/revisions"}],"predecessor-version":[{"id":1642,"href":"https:\/\/www.nomadesurconsultores.cl\/es\/wp-json\/wp\/v2\/dt_portfolio\/1637\/revisions\/1642"}],"wp:featuredmedia":[{"embeddable":true,"href":"https:\/\/www.nomadesurconsultores.cl\/es\/wp-json\/wp\/v2\/media\/1641"}],"wp:attachment":[{"href":"https:\/\/www.nomadesurconsultores.cl\/es\/wp-json\/wp\/v2\/media?parent=1637"}],"wp:term":[{"taxonomy":"dt_portfolio_category","embeddable":true,"href":"https:\/\/www.nomadesurconsultores.cl\/es\/wp-json\/wp\/v2\/dt_portfolio_category?post=1637"},{"taxonomy":"dt_portfolio_tags","embeddable":true,"href":"https:\/\/www.nomadesurconsultores.cl\/es\/wp-json\/wp\/v2\/dt_portfolio_tags?post=1637"}],"curies":[{"name":"wp","href":"https:\/\/api.w.org\/{rel}","templated":true}]}}

CARACTERIZACIÓN CONSTRUCCIÓN AVDA.  ALTO COSTANERA

<section class="wpb-content-wrapper"><div class="vc_row wpb_row vc_row-fluid"><div class="wpb_column vc_column_container vc_col-sm-6 vc_col-xs-12"><div class="vc_column-inner"><div class="wpb_wrapper">
	<div class="wpb_text_column wpb_content_element  txt-projecto" >
		<div class="wpb_wrapper">
			<ul>
<li><strong>Proyecto: </strong>Construcción Avda. Alto Costanera</li>
<li><strong>Mandante: </strong>Empresas Martabid</li>
<li><strong>Ubicación: </strong>Villarrica, Región de La Araucanía</li>
<li><strong>Año: </strong>2023</li>
</ul>

		</div>
	</div>
</div></div></div><div class="wpb_column vc_column_container vc_col-sm-6 vc_col-xs-12"><div class="vc_column-inner"><div class="wpb_wrapper">
	<div  class="wpb_single_image wpb_content_element vc_align_center  wpb_animate_when_almost_visible wpb_pulse pulse">
		
		<figure class="wpb_wrapper vc_figure">
			<div class="vc_single_image-wrapper vc_box_border  vc_box_border_grey"><img loading="lazy" decoding="async" width="2560" height="1440" src="https://www.nomadesurconsultores.cl/wp-content/uploads/2023/09/30-scaled.jpg" class="vc_single_image-img attachment-full" alt="" title="30" srcset="https://www.nomadesurconsultores.cl/wp-content/uploads/2023/09/30-scaled.jpg 2560w, https://www.nomadesurconsultores.cl/wp-content/uploads/2023/09/30-300x169.jpg 300w, https://www.nomadesurconsultores.cl/wp-content/uploads/2023/09/30-1024x576.jpg 1024w, https://www.nomadesurconsultores.cl/wp-content/uploads/2023/09/30-768x432.jpg 768w, https://www.nomadesurconsultores.cl/wp-content/uploads/2023/09/30-1536x864.jpg 1536w, https://www.nomadesurconsultores.cl/wp-content/uploads/2023/09/30-2048x1152.jpg 2048w" sizes="auto, (max-width: 2560px) 100vw, 2560px"  data-dt-location="https://www.nomadesurconsultores.cl/es/project/caracterizacion-construccion-avda-alto-costanera/attachment/30/" /></div>
		</figure>
	</div>

	<div  class="wpb_single_image wpb_content_element vc_align_center  wpb_animate_when_almost_visible wpb_pulse pulse">
		
		<figure class="wpb_wrapper vc_figure">
			<div class="vc_single_image-wrapper vc_box_border  vc_box_border_grey"><img loading="lazy" decoding="async" width="2560" height="1709" src="https://www.nomadesurconsultores.cl/wp-content/uploads/2023/09/04-scaled.jpg" class="vc_single_image-img attachment-full" alt="" title="04" srcset="https://www.nomadesurconsultores.cl/wp-content/uploads/2023/09/04-scaled.jpg 2560w, https://www.nomadesurconsultores.cl/wp-content/uploads/2023/09/04-300x200.jpg 300w, https://www.nomadesurconsultores.cl/wp-content/uploads/2023/09/04-1024x684.jpg 1024w, https://www.nomadesurconsultores.cl/wp-content/uploads/2023/09/04-768x513.jpg 768w, https://www.nomadesurconsultores.cl/wp-content/uploads/2023/09/04-1536x1025.jpg 1536w, https://www.nomadesurconsultores.cl/wp-content/uploads/2023/09/04-2048x1367.jpg 2048w" sizes="auto, (max-width: 2560px) 100vw, 2560px"  data-dt-location="https://www.nomadesurconsultores.cl/es/project/caracterizacion-construccion-avda-alto-costanera/attachment/04/" /></div>
		</figure>
	</div>

	<div  class="wpb_single_image wpb_content_element vc_align_center  wpb_animate_when_almost_visible wpb_pulse pulse">
		
		<figure class="wpb_wrapper vc_figure">
			<div class="vc_single_image-wrapper vc_box_border  vc_box_border_grey"><img loading="lazy" decoding="async" width="2560" height="1709" src="https://www.nomadesurconsultores.cl/wp-content/uploads/2023/09/57-scaled.jpg" class="vc_single_image-img attachment-full" alt="" title="57" srcset="https://www.nomadesurconsultores.cl/wp-content/uploads/2023/09/57-scaled.jpg 2560w, https://www.nomadesurconsultores.cl/wp-content/uploads/2023/09/57-300x200.jpg 300w, https://www.nomadesurconsultores.cl/wp-content/uploads/2023/09/57-1024x684.jpg 1024w, https://www.nomadesurconsultores.cl/wp-content/uploads/2023/09/57-768x513.jpg 768w, https://www.nomadesurconsultores.cl/wp-content/uploads/2023/09/57-1536x1025.jpg 1536w, https://www.nomadesurconsultores.cl/wp-content/uploads/2023/09/57-2048x1367.jpg 2048w" sizes="auto, (max-width: 2560px) 100vw, 2560px"  data-dt-location="https://www.nomadesurconsultores.cl/es/project/caracterizacion-construccion-avda-alto-costanera/attachment/57/" /></div>
		</figure>
	</div>

	<div  class="wpb_single_image wpb_content_element vc_align_center  wpb_animate_when_almost_visible wpb_pulse pulse">
		
		<figure class="wpb_wrapper vc_figure">
			<div class="vc_single_image-wrapper vc_box_border  vc_box_border_grey"><img loading="lazy" decoding="async" width="2560" height="1709" src="https://www.nomadesurconsultores.cl/wp-content/uploads/2023/09/20-scaled.jpg" class="vc_single_image-img attachment-full" alt="" title="20" srcset="https://www.nomadesurconsultores.cl/wp-content/uploads/2023/09/20-scaled.jpg 2560w, https://www.nomadesurconsultores.cl/wp-content/uploads/2023/09/20-300x200.jpg 300w, https://www.nomadesurconsultores.cl/wp-content/uploads/2023/09/20-1024x684.jpg 1024w, https://www.nomadesurconsultores.cl/wp-content/uploads/2023/09/20-768x513.jpg 768w, https://www.nomadesurconsultores.cl/wp-content/uploads/2023/09/20-1536x1025.jpg 1536w, https://www.nomadesurconsultores.cl/wp-content/uploads/2023/09/20-2048x1367.jpg 2048w" sizes="auto, (max-width: 2560px) 100vw, 2560px"  data-dt-location="https://www.nomadesurconsultores.cl/es/project/caracterizacion-construccion-avda-alto-costanera/attachment/20/" /></div>
		</figure>
	</div>
</div></div></div></div>
</section>

<p>Proyecto: Construcción Avda. Alto Costanera Mandante: Empresas Martabid Ubicación: Villarrica, Región de La Araucanía Año: 2023</p>
